10. List the prime factors of x(5).
5, 313
Let v = 3 - 5. Let b(t) = -7*t**3 - 2*t**2 + 3. List the prime factors of b(v).
3, 17
Suppose 0*t - 2*b = 4*t - 1574, 2*b = 6. Suppose 4*n - t = 4*r, 0 = -2*n - 3*r + 2*r + 202. Suppose -21*l + 23*l - n = 0. What are the prime factors of l?
2, 5
Let o = -1618 + 2866. What are the prime factors of o?
2, 3, 13
Let s(d) = -7*d**3 + 11*d**2 + 5*d - 28. What are the prime factors of s(-5)?
1097
List the prime factors of -25*(1232/(-45) - (-14)/(-63)).
2, 3, 5, 23
Suppose 0 = 5*r - 38 + 13. Let q be (-16)/(-24)*192/2. Suppose q = r*l - l. What are the prime factors of l?
2
Let h(s) = 28*s + 10. Let n be h(4). Suppose 0 = 6*p - 382 - n. What are the prime factors of p?
2, 3, 7
Let l(x) = -x**2 - 9*x - 12. Let f be l(-7). Let d(s) = -19*s**2 + 4*s + 2. Let g be d(f). Let t = -5 - g. List the prime factors of t.
61
Let l(f) = 4*f**2 + 9*f + 17. Let s(q) = -7*q**2 - 19*q - 33. Let u = -11 + 8. Let z(t) = u*s(t) - 5*l(t). What are the prime factors of z(-11)?
3
Let q(a) = 31*a + 41. Let g be q(-6). Let w = g + 272. List the prime factors of w.
127
Suppose -21*n - 1095 = -26*n. What are the prime factors of n?
3, 73
Suppose 0 = 2*t - 4, -3*f - t - 4*t = -232. Let z be (-22)/6*19*-3. Suppose -5*p + z - f = 0. What are the prime factors of p?
3
Let w(l) = 15*l**3 - 4*l**2 + 4*l - 15. List the prime factors of w(4).
3, 13, 23
Let n(q) = 21*q + 4. Let k be n(4). Let o = 113 - k. List the prime factors of o.
5
Let y = 20 - 6. Suppose 3*k + y = -4*d, -3*k + 3*d = -4*k - 3. Let i = 12 - k. What are the prime factors of i?
2, 3
Let h(b) = -b - 8. Let r be h(-10). Let n be (r - 4/2) + 4. Suppose n*c - 4*w - 26 = w, 14 = 3*c - w. List the prime factors of c.
2
What are the prime factors of (-10850)/(-84) + 3/(-18)?
3, 43
Suppose -4*o + g = 2 - 11, -5*o + 6 = -3*g. Suppose -4*p = -o*p. Suppose p = -4*z + 34 + 46. List the prime factors of z.
2, 5
Let n(r) = -25*r + 12*r**2 - r**3 + 3 + 2 - 4 + 4. What are the prime factors of n(6)?
71
Let z be (10 - 3) + (-3 - 1). List the prime factors of z/(((-6)/(-8))/((-1212)/(-48))).
101
Suppose 0 = -5*b + 4*v + 1643, -4*b + 3*v = -v - 1316. List the prime factors of 2/2 + 0 + -3 + b.
5, 13
Suppose 9*s = 4*s + 60. Suppose 6 = -k + 26. Suppose -s = -4*j + k. What are the prime factors of j?
2
Let m = 13 - 7. Let z = m - 5. Suppose -21 = -5*f + g, 2*f - f + z = -5*g. What are the prime factors of f?
2
Let a(o) = -9*o + 2034. List the prime factors of a(0).
2, 3, 113
Let o be (-2 - (-12)/8)*-8. Suppose -o*u + 0*u = 0. Let c = 29 - u. What are the prime factors of c?
29
Let q(s) = -s**3 + 4*s**2 - 3*s - 2. Let r be q(3). Let j = r - 2. Let i(g) = -5*g - 5. List the prime factors of i(j).
3, 5
Let w(b) be the first derivative of 2*b**3/3 + 2*b**2 + 3*b - 173. Suppose 0 = 2*n - 2 + 8. List the prime factors of w(n).
3
Let z = -2 - -3. Let r(m) = 2*m**2 - 3*m + 1. Let a be r(z). Suppose 4*g - 81 - 15 = a. List the prime factors of g.
2, 3
Suppose -k = -c + 2*k + 73, 5*c - 401 = -3*k. List the prime factors of c.
79
Suppose 17*d = 12*d + 50. Suppose -d = 6*s - 1042. List the prime factors of s.
2, 43
Let s = 26 - 10. Suppose -5*t + 10 = n, -t = 3*n - 5*t + 8. Suppose -z - s = -2*z + 2*h, 3*z - 3*h - 63 = n. List the prime factors of z.
2, 13
Let x(h) be the first derivative of h**4/4 + 4*h**3/3 + h**2/2 + 4*h - 7. Let f be x(-4). What are the prime factors of (f/(-4) - -19)*1?
19
Let j(x) be the third derivative of 4*x**5/15 - x**4/6 + 5*x**3/6 + 4*x**2. What are the prime factors of j(2)?
61
List the prime factors of (-552)/(4/(-10)*(-105)/(-147)).
2, 3, 7, 23
Let a = -38 + 9. Let b = 93 + a. What are the prime factors of b?
2
Let y(b) = -955*b - 34. What are the prime factors of y(-1)?
3, 307
Let q be (1/2)/((-5)/420). List the prime factors of ((-110)/(-66))/((-1)/q).
2, 5, 7
Let m = -641 - -3070. What are the prime factors of m?
7, 347
Suppose -5*x - 1 = 19. Let z(g) = -g**3 - 3*g**2 - 3*g - 7. What are the prime factors of z(x)?
3, 7
Let s = -117 - -186. Suppose 2*x + 4*o - s - 5 = 0, -4*x - 5*o + 163 = 0. What are the prime factors of x?
47
What are the prime factors of 1 - (-2500)/26 - 164/1066?
97
Let f = 1255 + -725. List the prime factors of f.
2, 5, 53
Suppose 3*o - 10 = n, -27 = -4*o - n - 2. List the prime factors of 4/o - 1728/(-40).
2, 11
Let c(s) = -1 + s**2 + 4*s + 2*s + 4*s. Suppose -37 = 5*d + 18. List the prime factors of c(d).
2, 5
Let c(p) = 42*p - 2. Suppose 0 = 2*o - 2 - 2. Let h be c(o). Let v = -59 + h. What are the prime factors of v?
23
Let u(d) = d**3 - 5*d**2 + 6*d. Suppose 17 = -0*j + j. Let p = j + -12. What are the prime factors of u(p)?
2, 3, 5
Suppose -2*a + 32 = -2. Let g be (0 + 3)/(7 - 6). Let i = a - g. List the prime factors of i.
2, 7
Let k = -135 + 202. What are the prime factors of k?
67
Let w(p) = -582*p**3 - p**2 - p. Let r be w(-1). Suppose -4*y + r = -102. What are the prime factors of y?
3, 19
Let j(u) = 3*u**2 - 2*u - 2. Suppose w + 11 = -4*t, 2*t - 2*w = 7*t + 16. Let r be j(t). Let n = 58 - r. List the prime factors of n.
2, 11
Suppose -4*u - 230 - 22 = 0. Let l = 108 + u. Suppose 2*d + l = 7*d. What are the prime factors of d?
3
Suppose -26*o - 13755 = -29*o. What are the prime factors of o?
5, 7, 131
What are the prime factors of 5*(11 + (-12342)/(-30))?
2, 3, 11
Let d = 107 - 48. Suppose 4*z = -5*m + 43, 2*m = 5*z - 22 + d. List the prime factors of m.
11
List the prime factors of 5496/15 + (-6)/(-10).
367
Let j(n) be the first derivative of n**4/4 + 3*n**3 + 9*n**2/2 + 8*n + 6. Let y be j(-8). Suppose -6*m + 143 + 55 = y. List the prime factors of m.
3, 11
List the prime factors of (-25482)/(-27) - ((-120)/54)/10.
2, 59
Suppose -o + 47 = -w - 2*w, -o + 2 = 0. Let j(r) = r**3 + 14*r**2 - 17*r + 14. What are the prime factors of j(w)?
2, 11
Let r(c) = c**3 + 24*c**2 + 6*c + 24. What are the prime factors of r(-13)?
5, 19
Let d(s) be the third derivative of 7*s**4/8 - 5*s**3/6 + 2*s**2. List the prime factors of d(3).
2, 29
Suppose 0 = 5*z - 2 - 23, -4*a + z = -1263. List the prime factors of a.
317
Let h be 17*(-2)/6 - 6/18. List the prime factors of 10824/56 + h/21.
193
Let r = 54 + -27. Let z = -24 + r. Suppose 2*t + z*t - 350 = 0. List the prime factors of t.
2, 5, 7
Let b be (-1)/((-21)/(-18) + -1). What are the prime factors of 3/9 - 286/b?
2, 3
Let a(d) = d**3 - 3*d**2 - 5*d. Let u be a(4). Let y(i) = -2*i - 3. Let r be y(u). Suppose 101 = r*b - 29. What are the prime factors of b?
2, 13
Let k = 99 - 102. Let y(q) = -q**3 - q**2 - q + 4. What are the prime factors of y(k)?
5
Let y be 2*-1 - (7 - 10). Let f(u) = 18*u - 6 + 1 - 4*u - y. What are the prime factors of f(3)?
2, 3
Let p = -5924 + 8480. List the prime factors of p.
2, 3, 71
List the prime factors of 11082/10 + (-15)/(77 + -2).
2, 277
Let m = 103 + -89. Let a = 92 - m. List the prime factors of a.
2, 3, 13
Suppose -2*q + 5*c - 16 = 0, 4*q - 5*c = -3*c. Suppose -q*o = -s + 41, -106 = -s - s - 2*o. Suppose 5*b - s - 1 = 0. What are the prime factors of b?
2, 5
Let w be 14 - (1 - -2 - 3). Let a = w - 10. Suppose 0 = 2*d - d + c - 8, a*d - c - 52 = 0. What are the prime factors of d?
2, 3
Let f = 35 - 29. Let m be 4/f + 40/(-6). Let d(o) = -10*o - 14. What are the prime factors of d(m)?
2, 23
Let m be 3 + 2/(2/4*-4). Suppose -2*k = m*q - 24, 87 = 5*k + 3*q + 29. What are the prime factors of k?
11
Let c(x) = x + 88. Let f be c(0). Suppose -20 = -3*o - 4*u, -4*o + 27 - 1 = 5*u. Suppose -o*r - 16 = -f. What are the prime factors of r?
2, 3
Let x(u) = u**3 - 9*u**2 + 7*u + 10. Let t be x(8). Suppose -i - 2*i + 2*z = -387, t*z - 248 = -2*i. What are the prime factors of i?
127
Suppose 0*i - 6 = -3*i. Suppose 0 = y - i*n - 48, -4*y - n + 198 = -3*n. Suppose -14*q + y = -9*q. List the prime factors of q.
2, 5
Let n = 38 - 39. List the prime factors of 3/6*(n + 219).
109
Let m(h) = -h**2 - 58*h - 10. List the prime factors of m(-17).
3, 229
Let o(c) = c**3 - c + 4. Let l be o(0). Suppose l*d = 104 + 36. Suppose 0 = 2*f + 2*m - 38, 3*m + d = -f + 2*f. List the prime factors of f.
23
Suppose -2*f + 4*h + 328 = 0, 8*f - h + 164 = 9*f. List the prime factors of f.
2, 41
Let y(n) = 48*n + 63. Let o(z) = 6*z + 8. Let s(r) = 33*o(r) - 4*y(r). What are the prime factors of s(9)?
2, 3, 11
Le